s -5 + -2170b?
-21712
In base 2, what is 1010111 - 1100011111?
-1011001000
In base 2, what is -101 + -1110000011010101001?
-1110000011010101110
In base 15, what is -5 - -3462?
345c
In base 7, what is -2 + 2402210?
2402205
In base 13, what is 3 - 2bb6?
-2bb3
In base 13, what is 811 - -a5?
8b6
In base 9, what is -318236 - -4?
-318232
In base 7, what is -61 + 1205?
1114
In base 9, what is 360 - -1071?
1441
In base 16, what is -5124 - 2?
-5126
In base 13, what is 23 + 17a3?
17c6
In base 10, what is -149501 - -2?
-149499
In base 6, what is 11 - -10523333?
10523344
In base 11, what is -6231 - -8?
-6224
In base 7, what is -53416 - 4?
-53423
In base 15, what is -2e545 + 3?
-2e542
In base 2, what is -101 - -101010111?
101010010
In base 7, what is 341044 - 3?
341041
In base 2, what is 101000 + 1111011010?
10000000010
In base 11, what is 2 - -7907?
7909
In base 13, what is -2a + c40?
c13
In base 13, what is -cb971 - 3?
-cb974
In base 10, what is 7 + 16090?
16097
In base 11, what is 1941a - 80?
1934a
In base 10, what is -1 - -8415?
8414
In base 13, what is 1b18b - -c?
1b19a
In base 10, what is 11 - -32486?
32497
In base 9, what is -3526 + 38?
-3477
In base 15, what is 22 - -660?
682
In base 7, what is -51 + 236550?
236466
In base 3, what is 1112 + 2002?
10121
In base 2, what is -11 + -111011011011001?
-111011011011100
In base 14, what is -8 + 49c0?
49b6
In base 15, what is 715 - -64?
779
In base 6, what is 3 - -21511252?
21511255
In base 9, what is -7 + 2672?
2664
In base 3, what is 1 + -110012111?
-110012110
In base 3, what is 1112101 + 1210?
1121011
In base 16, what is -2 + 3f68b?
3f689
In base 8, what is -14 - 736?
-752
In base 7, what is 23563365 + -2?
23563363
In base 12, what is 6 - a992?
-a988
In base 7, what is 1304 + -441?
533
In base 5, what is -11030 - 202?
-11232
In base 2, what is 11000100 - 1111011?
1001001
In base 15, what is -8b29 - 15?
-8b3e
In base 7, what is -2314 - -3544?
1230
In base 9, what is -32636 + -111?
-32747
In base 10, what is 10891 + -25?
10866
In base 8, what is -4265 - -11?
-4254
In base 16, what is -9d - 57?
-f4
In base 5, what is 12131 + 42?
12223
In base 9, what is -346 + 2074?
1627
In base 4, what is -2 + 1222212301?
1222212233
In base 2, what is 1100110001 - -11110?
1101001111
In base 15, what is -13de3 - 0?
-13de3
In base 2, what is -10011 + -11110000010?
-11110010101
In base 7, what is -126265 + -146?
-126444
In base 12, what is -28 + -6a7?
-713
In base 9, what is 834 - -8868?
10813
In base 9, what is -1 + -18504?
-18505
In base 10, what is 3787 - -17?
3804
In base 6, what is -122010 + 25?
-121541
In base 10, what is 2034 + 101?
2135
In base 12, what is -12 + -1057aa?
-105800
In base 12, what is 13 - -9707b?
97092
In base 15, what is -2 + 1bcde?
1bcdc
In base 7, what is -23 + 11316?
11263
In base 13, what is 1826c96 - -3?
1826c99
In base 5, what is 4312 + -13?
4244
In base 3, what is 1121200020 + -100?
1121122220
In base 2, what is 11 - 10001000011110001000?
-10001000011110000101
In base 10, what is -239 + -629?
-868
In base 15, what is -4b - -2674?
2628
In base 2, what is 1000011110011111100 + 11?
1000011110011111111
In base 15, what is 3d1d - -46?
3d64
In base 6, what is -3034325 + 0?
-3034325
In base 5, what is 11 + 322310?
322321
In base 16, what is 4 - -14f9?
14fd
In base 9, what is 5 + -34012?
-34006
In base 15, what is -544a - -3?
-5447
In base 13, what is 3b2a + -3?
3b27
In base 4, what is 101222 - 10?
101212
In base 12, what is -60 - 77?
-117
In base 2, what is -101101111011000100 + 1000?
-101101111010111100
In base 15, what is 1008 - -c?
1015
In base 6, what is -144 + 30312?
30124
In base 16, what is -6caa + 6?
-6ca4
In base 13, what is 8678 - -61?
8709
In base 14, what is -b8d - 18?
-ba7
In base 12, what is 27 + 2564?
258b
In base 5, what is 1124 + -142144?
-141020
In base 16, what is -1385 - 9?
-138e
In base 10, what is -2 - -14032?
14030
In base 5, what is -3 + -1034202?
-1034210
In base 12, what is -b60 - -1?
-b5b
In base 6, what is 324 + -2113?
-1345
In base 9, what is 246 - -7770?
8126
In base 7, what is -5 - -2055263?
2055255
In base 5, what is 41 + 42144?
42240
In base 6, what is 100342 + 12?
100354
In base 16, what is -1243 + a?
-1239
In base 7, what is -5 - 1453253?
-1453261
In base 11, what is -a13 - 850?
-1763
In base 9, what is 0 + 1532182?
1532182
In base 14, what is 1 - 4249?
-4248
In base 12, what is 1 + 9a4?
9a5
In base 13, what is -4 - -3773?
376c
In base 12, what is 41 + 627?
668
In base 3, what is -221022012221 - -10?
-221022012211
In base 9, what is -6 + -508418?
-508425
In base 14, what is 20 - 28d3d?
-28d1d
In base 2, what is 110 - 1011001001100?
-1011001000110
In base 15, what is 43b25 + -3?
43b22
In base 16, what is -5 + -59fc?
-5a01
In base 16, what is -13aa + 32?
-1378
In base 9, what is 561 + 1646?
2317
In base 6, what is -1 - -24210450?
24210445
In base 5, what is 413 + -21302?
-20334
In base 9, what is 7835 + 7?
7843
In base 3, what is 1100 + -1210222?
-1202122
In base 7, what is -131452 - 15?
-131500
In base 3, what is -12 - 1012022121111?
-1012022121200
In base 12, what is -1288b + -3?
-12892
In base 14, what is d - 4072?
-4063
In base 10, what is -1099 + -33?
-1132
In base 13, what is -4a7 + -851?
-1028
In base 3, what is 10022202222 + 1?
10022210000
In base 12, what is 135 - -4b?
184
In base 16, what is 2ce + 4a?
318
In base 15, what is 12 + 5588?
559a
In base 5, what is -22 + 334100?
334023
In base 8, what is -2216 + 4?
-2212
In base 12, what is 48 - 12a?
-a2
In base 13, what is 5 - 12b7a?
-12b75
In base 7, what is 104 + -4506?
-4402
In base 7, what is -212 - 1316?
-1531
In base 4, what is 10132000221 + 1?
10132000222
In base 5, what is -33144 + -230?
-33424
In base 5, what is -13 - -442143?
442130
In base 10, what is 134 + 100?
234
In base 4, what is 2130 + -1202?
322
In base 16, what is 4 + 1fdb?
1fdf
In base 14, what is 74b6 + 51?
7527
In base 4, what is 1 + 2233122330?
2233122331
In base 14, what is 8a80 - 2?
8a7c
In base 10, what is -2 - 25397?
-25399
In base 10, what is 68 - -887?
955
In base 3, what is 12022211 + 1201?
12101112
In base 9, what is -335477 + -4?
-335482
In base 16, what is 1987 - -6?
198d
In base 13, what is -194 + a77?
8b3
In base 16, what is -5 - 3587?
-358c
In base 4, what is -120003322 + 11?
-120003311
In base 10, what is 10 + -14579?
-14569
In base 15, what is -19c - -81?
-11b
In base 4, what is -3 + 1012012120?
1012012111
In base 14, what is 1365c - 4?
13658
In base 6, what is -2243555 - -5?
-2243550
In base 4, what is -223202301 + 10?
-223202231
In base 7, what is 20 - -450535?
450555
In base 5, what is -32432010 - -10?
-32432000
In base 10, what is -4 - -24073?
24069
In base 5, what is -440 - -3233?
2243
In base 7, what is 66 - 55?
11
In base 5, what is -2122 - 2343?
-10020
In base 12, what is -17 + -6704?
-671b
In base 10, what is -2547 + -74?
-2621
In base 12, what is 0 - -6328?
6328
In base 12, what is -67 + -5a7?
-652
In base 4, what is 11231002 + -21?
11230321
In base 10, what is -3 - -685810?
685807
In base 15, what is 283d + 8?
2846
In base 4, what is 2200 - -30?
2230
In base 9, what is -13858 - 128?
-14087
In base 10, what is -13 + -22?
-35
In base 4, what is 1101322 + 23?
1102011
In base 4, what is -10 - -2202210?
2202200
In base 6, what is 123 + 14053?
14220
In base 16, what is 1d + 3467?
3484
In base 10, what is 10 - -19997?
20007
In base 16, what is 53 + 105?
158
In base 12, what is -458 - 2b11?
-3369
In base 10, what is 111179 + -2?
111177
In base 8, what is -444447 - 0?
-444447
In base 5, what is 44114 - 112?
44002
In base 13, what is -12 - -6c8?
6b6
In base 12, what is 0 + 10395?
10395
In base 2, what is -1010 - -10011111001111?
10011111000101
In base 2, what is -101 - -1000110110110011?
1000110110101110
In base 2, what is 10 - -10101100011?
10101100101
In base 11, what is -117a - 18?
-1197
In base 7, what is -3335 + -4?
-3342
In base 11, what is 2 + 259a0?
259a2
In base 10, what is -133896 - -3?
-133893
In base 16, what is -5c - 1587?
-15e3
In base 9, what is 3 - -117125?
117128
In base 6, what is -2 + -4335420?
-4335422
In base 8, what is 0 + 7170?
7170
In base 16, what is 3 - 1a4c?
-1a49
In base 2, what is 11110000 - -101100111000?
110000101000
In base 7, what is 221 + 136?
360
In base 4, what is -1 - -2323312?
2323311
